1137005066 a composite number?
True
Is 483385163 a prime number?
False
Is 1715901211 a prime number?
False
Is 948470051 prime?
False
Is 142728586361 composite?
False
Is 1092065321 composite?
True
Is 102123202 a composite number?
True
Is 41203039897 a prime number?
True
Is 1311764561 prime?
False
Is 6113873539 a prime number?
False
Is 5878987 a prime number?
False
Is 31058390047 composite?
True
Is 47491813 prime?
False
Is 1729838407 a composite number?
True
Is 24875265343 prime?
True
Is 1181174747 composite?
False
Is 1527353101 a prime number?
True
Is 83216011 a prime number?
True
Is 15830360927 a prime number?
True
Is 6710744609 prime?
True
Is 48025409053 prime?
True
Is 328180607 a composite number?
False
Is 1881156593 prime?
False
Is 41975268473 a prime number?
True
Is 1342472129 composite?
True
Is 28804231139 a prime number?
False
Is 64912506895 a prime number?
False
Is 5999736493 prime?
False
Is 527840877 composite?
True
Is 20187178129 prime?
True
Is 18927872263 prime?
False
Is 5866759699 composite?
True
Is 1690481287 a prime number?
False
Is 295206151 a composite number?
False
Is 4682753935 prime?
False
Is 1031617481 prime?
True
Is 137141999 a prime number?
True
Is 7652420929 a composite number?
False
Is 275783947 a composite number?
True
Is 17935990993 a composite number?
True
Is 190630651 a prime number?
False
Is 57504041807 a prime number?
True
Is 6194265659 a prime number?
True
Is 2132475413 a composite number?
False
Is 656244913 prime?
False
Is 4096851137 composite?
False
Is 1160479441 prime?
False
Is 246529301 prime?
True
Is 10921971209 a prime number?
True
Is 664500101 composite?
True
Is 126458173 a prime number?
True
Is 225063613147 a composite number?
False
Is 3366633601 a composite number?
False
Is 2758836779 a prime number?
True
Is 869970827 composite?
True
Is 2722304929 a prime number?
True
Is 11250759943 a composite number?
True
Is 786222727 prime?
True
Is 45501089 a composite number?
False
Is 1091335523 prime?
True
Is 1254568123 composite?
True
Is 1248534377 a prime number?
False
Is 629907911 prime?
True
Is 1377031 a composite number?
False
Is 387542059 composite?
False
Is 60855766071 composite?
True
Is 338185433 prime?
True
Is 627830267 composite?
True
Is 122999127 a composite number?
True
Is 58803196211 a prime number?
False
Is 107244979 prime?
False
Is 15260917219 composite?
False
Is 25627564081 a composite number?
True
Is 13432896247 a composite number?
True
Is 101691321 a composite number?
True
Is 603203023 a prime number?
True
Is 517970021 prime?
False
Is 3009964411 a prime number?
False
Is 13671599523 composite?
True
Is 1546261763 a prime number?
False
Is 98874799 a composite number?
False
Is 2687452487 composite?
True
Is 528413213 composite?
False
Is 2898138367 a composite number?
True
Is 309047117 a composite number?
True
Is 1233394783 a composite number?
True
Is 421969973 a prime number?
True
Is 3133342997 a prime number?
True
Is 12903266627 prime?
False
Is 119581211 a prime number?
False
Is 1820630491 a composite number?
False
Is 28599083897 a composite number?
False
Is 422802881 composite?
False
Is 13207467485 prime?
False
Is 1495778549 a composite number?
True
Is 796949141 a composite number?
False
Is 4191270241 prime?
True
Is 114072711329 prime?
True
Is 19415384269 a composite number?
False
Is 63362551517 composite?
False
Is 460562689 composite?
True
Is 3137817577 a composite number?
True
Is 5099638723 composite?
True
Is 768438683 prime?
False
Is 983997727 composite?
False
Is 16821695729 a composite number?
False
Is 707022857 a composite number?
True
Is 8454473777 a composite number?
False
Is 17221922251 prime?
True
Is 251807827 a prime number?
True
Is 111483443 a prime number?
True
Is 1601262163 a composite number?
True
Is 589332996633 a composite number?
True
Is 499128319 prime?
True
Is 1445632921 composite?
True
Is 482724637 a composite number?
True
Is 858161782 composite?
True
Is 1073316637 prime?
True
Is 51106609321 composite?
False
Is 1760096747 composite?
True
Is 123581723 a prime number?
True
Is 1303008457 a composite number?
True
Is 9534729469 a composite number?
False
Is 39786905 prime?
False
Is 67086279829 composite?
True
Is 95988983 prime?
True
Is 1711258291 prime?
True
Is 46084470697 a composite number?
True
Is 572397079 a composite number?
True
Is 220416145 a composite number?
True
Is 9222054497 a composite number?
False
Is 15425869387 a prime number?
False
Is 25717824311 prime?
True
Is 1818332179 composite?
False
Is 697864613 prime?
False
Is 601296331 composite?
True
Is 741608837 a composite number?
True
Is 18471839371 a prime number?
True
Is 1206760879 a composite number?
True
Is 29144771659 prime?
True
Is 170710956623 a prime number?
False
Is 53759 prime?
True
Is 1066792307 a prime number?
False
Is 7826411 a prime number?
True
Is 1114441661 a prime number?
False
Is 515251489 a prime number?
True
Is 4487304443 composite?
True
Is 244393631 a composite number?
False
Is 199996723 composite?
True
Is 9944248399 prime?
True
Is 28114528157 prime?
False
Is 7120818667 prime?
True
Is 785023957 composite?
True
Is 807067837 a prime number?
False
Is 846633523 a prime number?
False
Is 2621864183 a prime number?
False
Is 34779820213 a composite number?
True
Is 160065915253 a composite number?
False
Is 96399613103 a composite number?
False
Is 119450032601 a composite number?
False
Is 1849347223 a composite number?
True
Is 172640233 prime?
True
Is 11794572367 a prime number?
False
Is 394413709 composite?
False
Is 252722369 a composite number?
False
Is 1105592899 composite?
False
Is 18795996481 prime?
False
Is 12220789033 composite?
False
Is 87313594471 composite?
True
Is 2328419039 composite?
True
Is 13264462 a prime number?
False
Is 482832767379 a prime number?
False
Is 2170860437 a composite number?
False
Is 122339343471 a prime number?
False
Is 195531001 composite?
True
Is 13415386507 a prime number?
True
Is 24485805241 a prime number?
True
Is 461743523 a composite number?
True
Is 72848059 prime?
False
Is 34417650791 prime?
True
Is 269426620315 composite?
True
Is 1764988483 prime?
False
Is 4005559291 composite?
False
Is 3558448297 composite?
True
Is 18845089 prime?
True
Is 144278908295 a prime number?
False
Is 26971450853 composite?
False
Is 2379623711 a composite number?
True
Is 126323788801 composite?
True
Is 1164824447 a composite number?
False
Is 164056951 a composite number?
False
Is 490519261 prime?
False
Is 10846110409 prime?
False
Is 1614894839 prime?
False
Is 557855503 prime?
True
Is 361267649 prime?
True
Is 2411118197 a composite number?
False
Is 2509197519 a composite number?
True
Is 23551519 a composite number?
True
Is 11465584733 a composite number?
True
Is 434837603 a prime number?
True
Is 16935084857 a composite number?
False
Is 16546909903 prime?
False
Is 334388629111 composite?
True
Is 3379012717 prime?
True
Is 885109727 a prime number?
True
Is 15538471537 a composite number?
True
Is 340417499 a composite number?
True
Is 816309557 a composite number?
True
Is 227662067 a composite number?
False
Is 269698223 composite?
False
Is 2852967391 a composite number?
False
Is 548654971 a prime number?
True
Is 1064948785 a prime number?
False
Is 26493060617 prime?
True
Is 417668143 a prime number?
False
Is 893567251 prime?
True
Is 450650549 prime?
False
Is 1596512837 a prime number?
True
Is 450666661 a prime number?
True
Is 971816779 composite?
True
Is 912848171 a composite number?
False
Is 206417106391 composite?
True
Is 1763146927 a composite number?
False
Is 6725903763 a prime number?
False
Is 775776377 composite?
True
Is 766864057 prime?
False
Is 1689072069 composite?
True
Is 869812241 a prime number?
True
Is 4674110381 composite?
False
Is 20795384683 a composite number?
True
Is 575526617 a prime number?
True
Is 3319513439 a prime number?
False
Is 2542944691 composite?
True
Is 18743039297 a composite number?
False
Is 4057979819 prime?
False
Is 7166800141 a prime number?
True
Is 269310395369 composite?
False
Is 583287191 composite?
False
Is 20476410953 a composite number?
True
Is 32885817707 a composite number?
True
Is 1589117798 composite?
True
Is 26048380483 composite?
False
Is 904645141 a composite number?
True
Is 62554259 a composite number?
False
Is 3584914309 composite?
False
Is 1067297827 a